1 = 4*j. Suppose j*w + 3*w = 630. Suppose -6*u + 9*u - w = 0. List the prime factors of u.
2, 3, 7
Let w = -32 - -30. Let r(l) = 51*l**2 - 4*l - 3. What are the prime factors of r(w)?
11, 19
What are the prime factors of 2/(-21) - ((-290642)/(-42))/(-11)?
17, 37
Suppose -3*j + 11 = -1. Suppose -j*v + 87 - 513 = -5*s, 0 = -4*s - 3*v + 347. What are the prime factors of s?
2, 43
Let j(f) = 11*f. Let u be j(-1). Let g(b) = -b + 8. List the prime factors of g(u).
19
Suppose 0 = -6*i + 63 + 63. Suppose -i = -s + 15. List the prime factors of s.
2, 3
Let z = -2721 - -4147. Suppose -q = 4*q - 2*o - z, 2*o = 2*q - 574. List the prime factors of q.
2, 71
Suppose 0 = -5*g + 3*h - 6*h + 36, -2*g + h = -10. List the prime factors of 17536/(-96)*g/(-4).
2, 137
Suppose 3*h - 5*d = 302, -192 = -2*h + 7*d - 6*d. What are the prime factors of h?
2, 47
Suppose 4*n - 28 = -c, 3*c + 5*n - 60 = n. Let t = 112 - c. What are the prime factors of t?
2, 3
Let a be ((-1)/(-3) + 5/30)*4. Suppose 997 = 5*k - a*f, 4*k + 5*f - 256 = 535. What are the prime factors of k?
199
Let b(j) = -j**3 + 17*j**2 - 23*j + 49. List the prime factors of b(15).
2, 7, 11
Suppose -t = 2*l, -3*t - 4*l = -0*l - 6. Let s(z) = -z**3 + 5*z**2 + z. Let a be s(t). What are the prime factors of (820/a)/((-4)/6)?
41
Let u be (4/((-8)/117))/(3/(-4)). Let m = 147 - u. What are the prime factors of m?
3, 23
Let j = -18 + 12. What are the prime factors of (-12)/(-9) - 202/j?
5, 7
Let w be (10/6)/(2/6). Suppose 5*n - 59 = v + 2, 5*n - 205 = w*v. Let a = -23 - v. What are the prime factors of a?
13
Let r(k) = -k**2 + k - 1. Let n(p) = -23*p**2 - 2. Let d(c) = -n(c) + 2*r(c). List the prime factors of d(-2).
2, 5
Let r(i) = 6*i**3 - 2*i**2 - 14*i + 35. What are the prime factors of r(5)?
5, 7, 19
Let o(w) = w**2 + 2*w - 5. Suppose 2*v - 4 = 4*r, -5*v = 3*r + 15 + 14. Let l = v - 1. What are the prime factors of o(l)?
2, 5
Suppose 3*y - 16 - 173 = 0. Suppose 3*f - 273 = -y. List the prime factors of f.
2, 5, 7
Suppose -1932 = 12*n - 27516. List the prime factors of n.
2, 13, 41
Suppose -24*b + 25*b = 1616. What are the prime factors of b?
2, 101
Let d be ((-10)/(-5) - 0) + 4. Suppose d = h - 2*h. What are the prime factors of (h - (-12)/4) + 5?
2
Let l = -39 - -33. List the prime factors of (-1 + l/(-4))*166.
83
Suppose 0 = 6*z - 306 - 0. Suppose -3*s + 5*t = -32, 5 - z = -5*s + t. What are the prime factors of s?
3
Let t(n) = n - 9. Let r = 17 - 4. Let q be t(r). Suppose -q*h + 58 = -78. List the prime factors of h.
2, 17
Let f = 9 - 6. Suppose f*c - 11 + 2 = 0. What are the prime factors of 19 + (-1 + c - 2)?
19
Let x(o) = 76*o**2 - 33*o + 62. What are the prime factors of x(2)?
2, 3, 5
Let m = -12 + 15. Suppose 7*y - 2*y - 128 = -m*p, 4*p + y = 182. List the prime factors of p.
2, 23
Let n = -586 + 887. What are the prime factors of n?
7, 43
Suppose 3*d = -13 + 4. Let u be (-3)/(d/62) + -3. Suppose -u = -3*h + 61. List the prime factors of h.
2, 5
Suppose 0 = -8*b - 3199 - 1033. Let v = -291 - b. What are the prime factors of 16/2*v/28?
2, 17
Suppose 2*p - 35 - 71 = 0. Suppose p - 12 = l. List the prime factors of l.
41
Let o(f) = 64*f - 4. List the prime factors of o(15).
2, 239
Let k(g) = -g**2 + 9*g - 10. Let q be 1*-2 + -6 + 21. Suppose 4*w = q + 15. List the prime factors of k(w).
2
Let b be 3 - -14 - 3/(-2 - -3). Let n(g) = 13*g - 6. What are the prime factors of n(b)?
2, 11
Suppose 12*z = 17*z - 1195. What are the prime factors of z?
239
Let p be (-21)/15 - -2 - (-34)/10. Suppose p*x = 12, -x - 762 = -l - 2*l. What are the prime factors of l?
3, 5, 17
Let c = -1 - -1. Let l be (-237)/(-3) + c/(-2). Suppose -l = -5*q - f, 2*q - 4*f + 28 = 4*q. What are the prime factors of q?
2
What are the prime factors of (((-6)/15)/(-1))/(10/3400)?
2, 17
Let u = -867 + 4575. List the prime factors of u.
2, 3, 103
Let s = -100 - 8. Let x = s - -58. List the prime factors of x*(-3)/6 - 4.
3, 7
Let c(p) = -4*p - 5*p**2 - 5 + 2 + 2*p**3 - 4*p**3. Let x = -8 + 5. What are the prime factors of c(x)?
2, 3
What are the prime factors of (-30)/60*(-1 - -1) + 883?
883
Let u(l) = -l**3 + 6*l**2 + 6*l - 3. Let p(c) = c**2 - 7*c + 5. Let f be p(7). List the prime factors of u(f).
2, 13
Suppose -10*u = 10*u - 33620. What are the prime factors of u?
41
Suppose 13*t - 1976 = -0*t. List the prime factors of t.
2, 19
Let i(k) = -9*k**3 + 2*k**2 - 9*k - 3. What are the prime factors of i(-4)?
641
Let d(j) = -j**3 - 2*j**2 + 36*j - 41. List the prime factors of d(-17).
2, 7, 263
Suppose 0 = 5*n + 4*m + m + 290, 5*m = n + 82. Let c = -33 - n. Suppose -2*r = -r - c. List the prime factors of r.
29
Suppose 2*d + 2*a - 16 = 0, 2*a - 2 = a. Suppose -f + 5 + d = 2*o, 2*o = 8. List the prime factors of f.
3
Let t = 7 - 11. Suppose -4*a + a = 24. Let x = t - a. What are the prime factors of x?
2
Let r(g) = 12 + 2*g - 38 - 13*g. What are the prime factors of r(-6)?
2, 5
Let j(w) = 5*w**2 - 5*w - 118. List the prime factors of j(-21).
2, 137
Let u be -1*(3/(-3) - 1). Suppose 5*y - 396 - 311 = 2*n, 5*y = -u*n + 703. Suppose -j = -p + 39, 0*j = 4*p - j - y. List the prime factors of p.
2, 17
Suppose -2*n - 5*t = -2*t - 92, -5*n + 209 = -3*t. Suppose 157 - n = 3*v. Let k = v + -23. List the prime factors of k.
3, 5
What are the prime factors of -1 + -1 - 10/(-4)*520?
2, 11, 59
Let d(q) = -51*q - 150. What are the prime factors of d(-6)?
2, 3, 13
Let s = 1415 - 1004. What are the prime factors of s?
3, 137
Suppose 5*d - 9 = -u, -3*u - d + 48 = -21. Suppose 3*l = -3*l + u. Let x = l + 2. List the prime factors of x.
2, 3
Let m(n) = -n**3 - 11*n**2 - n + 34. What are the prime factors of m(-15)?
13, 73
Let k(v) = v**3 + 7*v**2 + 7*v + 6. Let r be k(-6). Suppose r = c + 5*x - 100, 388 = 7*c - 2*c - 3*x. What are the prime factors of c?
2, 5
Let p be (-6)/15 - 28/(-20). What are the prime factors of p*(3 - 0/(-2))?
3
Suppose 2*p = 5*p + 5*k - 12771, -5*p + 21285 = 6*k. What are the prime factors of p?
3, 11, 43
Suppose -12 = 3*u - 3*g, 3*u = -0*u - g. What are the prime factors of (1/(3/(-18)))/u?
2, 3
Suppose -6*p = -8*p + 210. Suppose 7*a - p = 329. What are the prime factors of a?
2, 31
Suppose 2*b - 4 + 2 = 2*o, -2*o = 4*b + 14. Let w = b - -15. What are the prime factors of w?
13
Suppose -7*w - 12 = -3*w. Suppose 5*k + 5*a - 4 = 26, 5*k + 2*a = 42. List the prime factors of k/w*3/(-2).
5
List the prime factors of 5 + (-4 - -1) + 694/2.
349
Let y(w) = 2*w**2 + 4*w - 12. Suppose 3*x + 26 = -2*x - 3*q, 33 = -3*x + 4*q. List the prime factors of y(x).
2, 29
Suppose -t + 4 + 0 = 0. Suppose -t*o = -6*o + 20. List the prime factors of o/15 - 164/(-6).
2, 7
Let t be -2*1/6*(1 - 160). Let f = t - 4. List the prime factors of f.
7
Let c(x) = x - 1. Let s be c(3). Suppose 0 = s*l + 1 - 5. Suppose 3*q + 20 = l*m, 2*m + 58 = 6*m + 3*q. What are the prime factors of m?
13
What are the prime factors of 4948/28 + 5*(-10)/(-175)?
3, 59
Let f = -61 + 111. Let l = -7 + f. Let i = -18 + l. List the prime factors of i.
5
Let b = -749 + 911. List the prime factors of b.
2, 3
Suppose 2*q + 12*k = 11*k + 7851, -5*k = -3*q + 11757. What are the prime factors of q?
2, 3, 109
Suppose 72*c - 2751 = 65*c. What are the prime factors of c?
3, 131
Let u = -1135 - -592. List the prime factors of ((-11)/33)/(1/u).
181
Suppose 2*u - 4*h - 974 = -2*h, -4*h = u - 477. Suppose 5*r - u + 164 = 3*y, 2*r - 3*y = 132. What are the prime factors of r?
3, 7
Suppose 0*f - 5*f + 300 = 4*s, 5*f = 0. Suppose 0 = -5*o + 3*v - 169, 4*v - 40 = 3*o + 68. Let d = o + s. List the prime factors of d.
43
Let z = 633 - 377. List the prime factors of z.
2
Suppose 5*p - 2*g + 11 = 0, -2*p - 5*g + 4 + 9 = 0. Let k(t) = -90*t**3 - t**2 - 2*t - 1. List the prime factors of k(p).
2, 3, 5
Let h be (11 + -1)/((-14)/35). Let m be (-3 - (-24)/10)*h. Suppose -93 - m = -3*a. List the prime factors of a.
2, 3
Let m = 98 - -13. List the prime factors of (m/(-15))/((4/20)/(-1)).
37
Suppose -4*g + 16 = 2*q, -9*g + 8*g - 5*q + 4 = 0. Suppose 4 = 2*s, -g*s - s - 53 = -3*a. List the prime factors of a.
3, 7
Suppose -35*x + 8 = -34*x. Let q = 7 + x. List the prime factors of q.
3, 5
Let z(k) = -5*k - 211. Let h be z(-40). Let n(l) = l - 1. Let t(p) = -p**2 - 14*p + 1. Let x(o) = 2*n(o) + t(o). List the prime factors